 common factor of 47434 and 16?
2
Calculate the greatest common factor of 40 and 23080.
40
Calculate the highest common factor of 36 and 18948.
12
Calculate the highest common divisor of 7728 and 552069.
483
What is the greatest common factor of 6707550 and 1455?
1455
Calculate the highest common factor of 340993 and 38.
19
Calculate the highest common divisor of 142365 and 375.
15
What is the greatest common factor of 66077 and 66?
11
Calculate the greatest common factor of 1838 and 980573.
919
Calculate the highest common factor of 237 and 869.
79
Calculate the greatest common divisor of 40 and 106432.
8
What is the highest common factor of 2275 and 9568?
13
Calculate the greatest common factor of 1520 and 7260.
20
Calculate the highest common factor of 365 and 395.
5
Calculate the greatest common divisor of 3179 and 5491.
289
What is the greatest common factor of 51391 and 17?
17
Calculate the highest common factor of 18600 and 732.
12
What is the highest common factor of 76 and 11956?
4
Calculate the highest common divisor of 3984396 and 156.
156
What is the highest common factor of 2030576 and 4?
4
What is the greatest common divisor of 1925 and 33275?
275
Calculate the greatest common divisor of 1386 and 1721412.
1386
What is the greatest common factor of 72800 and 48160?
1120
What is the greatest common divisor of 219975 and 3325?
175
What is the greatest common divisor of 1308603 and 93?
93
What is the greatest common factor of 21 and 16478?
7
What is the greatest common divisor of 20 and 356630?
10
Calculate the highest common divisor of 1661104 and 17.
17
What is the highest common factor of 437 and 354749?
19
What is the highest common factor of 474 and 1044222?
474
What is the greatest common divisor of 231600 and 4800?
1200
What is the highest common factor of 68551 and 49?
49
What is the highest common divisor of 148044 and 4?
4
What is the greatest common divisor of 24 and 26984?
8
What is the highest common factor of 295 and 583805?
295
Calculate the highest common factor of 2727676 and 4270.
854
What is the greatest common divisor of 142596 and 506076?
2796
What is the greatest common divisor of 73 and 151110?
73
Calculate the highest common divisor of 8652 and 5460.
84
What is the highest common divisor of 46 and 564581?
23
What is the greatest common divisor of 27145 and 72895?
305
Calculate the greatest common factor of 15 and 1085460.
15
What is the greatest common factor of 1458 and 94?
2
Calculate the highest common divisor of 240 and 40440.
120
What is the highest common divisor of 2976 and 5673?
93
Calculate the greatest common factor of 774 and 16168.
86
What is the greatest common factor of 11 and 189299?
11
What is the greatest common divisor of 60 and 408810?
30
What is the greatest common divisor of 266 and 10241?
133
Calculate the greatest common divisor of 95420 and 19818.
734
Calculate the greatest common factor of 828 and 44643.
69
What is the greatest common divisor of 20212 and 10044?
124
Calculate the greatest common divisor of 1204 and 158284.
28
Calculate the highest common factor of 23656 and 360.
8
What is the greatest common factor of 545510 and 140?
70
Calculate the highest common factor of 6208 and 1261.
97
What is the greatest common divisor of 893034 and 18?
18
Calculate the greatest common factor of 2891 and 62009.
59
What is the highest common factor of 2 and 582662?
2
Calculate the highest common divisor of 776380 and 385.
55
What is the highest common divisor of 16 and 19404464?
16
Calculate the highest common divisor of 3570 and 7959.
21
Calculate the greatest common divisor of 486 and 167094.
18
Calculate the greatest common factor of 336 and 11046.
42
What is the highest common factor of 240 and 363?
3
What is the highest common divisor of 1466438 and 277?
277
What is the greatest common factor of 9 and 148509?
9
Calculate the highest common factor of 15 and 23775.
15
What is the highest common divisor of 81587 and 55?
11
Calculate the greatest common divisor of 1328 and 8104.
8
Calculate the greatest common factor of 549764 and 1336.
668
Calculate the highest common factor of 231 and 196284.
33
What is the greatest common factor of 132191 and 67?
67
Calculate the greatest common factor of 221 and 749734.
17
Calculate the highest common factor of 907459 and 133.
133
What is the greatest common divisor of 460 and 247040?
20
Calculate the greatest common factor of 532 and 26676.
76
Calculate the greatest common factor of 48144 and 33748.
236
What is the highest common factor of 38103 and 104?
13
What is the highest common factor of 4440 and 3860?
20
Calculate the greatest common factor of 20 and 254260.
20
What is the highest common divisor of 3928 and 9720?
8
Calculate the greatest common factor of 26 and 238706.
26
What is the greatest common factor of 390843 and 9?
9
Calculate the greatest common factor of 22 and 2494591.
11
What is the greatest common divisor of 503132 and 1904?
476
What is the greatest common divisor of 656757 and 9?
9
What is the highest common divisor of 28128 and 1104?
48
What is the greatest common factor of 121 and 10593?
11
Calculate the greatest common divisor of 686 and 16758.
98
Calculate the highest common factor of 554 and 36287.
277
Calculate the greatest common divisor of 10918 and 3502.
206
What is the greatest common factor of 372345 and 241?
241
Calculate the highest common factor of 3362 and 191880.
82
Calculate the greatest common factor of 90 and 180864.
18
What is the highest common factor of 272 and 3230?
34
What is the greatest common divisor of 1170 and 666?
18
Calculate the highest common divisor of 71 and 400795.
71
Calculate the highest common divisor of 1275183 and 1911.
273
Calculate the highest common divisor of 140775 and 525.
75
What is the greatest common factor of 868 and 2114?
14
Calculate the highest common factor of 361781 and 14.
7
What is the greatest common divisor of 10527 and 1573?
121
Calculate the highest common divisor of 3084 and 39.
3
Calculate the highest common divisor of 3072 and 784.
16
Calculate the highest common factor of 42 and 70014.
42
What is the greatest common divisor of 135190 and 110?
110
What is the highest common factor of 192079 and 37841?
479
Calculate the greatest common factor of 169760 and 50.
10
Calculate the highest common factor of 8 and 4464792.
8
Calculate the greatest common divisor of 5401 and 733554.
491
Calculate the highest common factor of 1760 and 8506080.
1760
Calculate the highest common divisor of 16110 and 104178.
1074
What is the highest common divisor of 5617 and 10001?
137
What is the highest common factor of 3837592 and 88?
88
What is the highest common factor of 89385 and 885?
885
Calculate the greatest common divisor of 4234 and 6844.
58
Calculate the highest common divisor of 33 and 678579.
33
Calculate the greatest common factor of 48155 and 30.
5
What is the greatest common factor of 15239 and 1078?
49
Calculate the greatest common divisor of 416 and 94224.
208
What is the greatest common divisor of 817036 and 2046?
682
What is the highest common divisor of 360 and 2136?
24
Calculate the greatest common factor of 256660 and 16.
4
What is the greatest common factor of 10381065 and 15?
15
Calculate the highest common divisor of 591587 and 3262.
233
What is the greatest common divisor of 285740 and 364?
364
What is the highest common divisor of 146532 and 108?
12
What is the highest common factor of 49365 and 117?
9
Calculate the highest common factor of 32086 and 915.
61
Calculate the highest common factor of 12 and 8469924.
12
What is the highest common factor of 1008 and 454944?
336
Calculate the highest common divisor of 274 and 126725.
137
Calculate the highest common divisor of 11 and 5384115.
11
What is the greatest common factor of 437 and 432009?
23
What is the greatest common divisor of 257333 and 554?
277
What is the greatest common factor of 340891 and 47?
47
Calculate the greatest common divisor of 26952 and 384.
24
What is the greatest common divisor of 275 and 5175?
25
What is the greatest common factor of 996 and 192?
12
Calculate the greatest common factor of 100 and 26525.
25
What is the greatest common divisor of 37722 and 102?
6
What is the greatest common fa